{"version":"1.0","provider_name":"IFE Conferece","provider_url":"https:\/\/ciie.itesm.mx\/es","author_name":"Adminwpciie","author_url":"https:\/\/ciie.itesm.mx\/es\/author\/adminwpciie\/","title":"Adel El Za\u00efm - IFE Conferece","type":"rich","width":600,"height":338,"html":"<blockquote class=\"wp-embedded-content\" data-secret=\"VtDTjDqv5G\"><a href=\"https:\/\/ciie.itesm.mx\/es\/httpciie-mxspeakerdeb-masters\/adel-el-zaim\/\">Adel El Za\u00efm<\/a><\/blockquote><iframe sandbox=\"allow-scripts\" security=\"restricted\" src=\"https:\/\/ciie.itesm.mx\/es\/httpciie-mxspeakerdeb-masters\/adel-el-zaim\/embed\/#?secret=VtDTjDqv5G\" width=\"600\" height=\"338\" title=\"\u00abAdel El Za\u00efm\u00bb \u2014 IFE Conferece\" data-secret=\"VtDTjDqv5G\" frameborder=\"0\" marginwidth=\"0\" marginheight=\"0\" scrolling=\"no\" class=\"wp-embedded-content\"><\/iframe><script type=\"text\/javascript\">\n\/* <![CDATA[ *\/\n\/*! This file is auto-generated *\/\n!function(d,l){\"use strict\";l.querySelector&&d.addEventListener&&\"undefined\"!=typeof URL&&(d.wp=d.wp||{},d.wp.receiveEmbedMessage||(d.wp.receiveEmbedMessage=function(e){var t=e.data;if((t||t.secret||t.message||t.value)&&!\/[^a-zA-Z0-9]\/.test(t.secret)){for(var s,r,n,a=l.querySelectorAll('iframe[data-secret=\"'+t.secret+'\"]'),o=l.querySelectorAll('blockquote[data-secret=\"'+t.secret+'\"]'),c=new RegExp(\"^https?:$\",\"i\"),i=0;i<o.length;i++)o[i].style.display=\"none\";for(i=0;i<a.length;i++)s=a[i],e.source===s.contentWindow&&(s.removeAttribute(\"style\"),\"height\"===t.message?(1e3<(r=parseInt(t.value,10))?r=1e3:~~r<200&&(r=200),s.height=r):\"link\"===t.message&&(r=new URL(s.getAttribute(\"src\")),n=new URL(t.value),c.test(n.protocol))&&n.host===r.host&&l.activeElement===s&&(d.top.location.href=t.value))}},d.addEventListener(\"message\",d.wp.receiveEmbedMessage,!1),l.addEventListener(\"DOMContentLoaded\",function(){for(var e,t,s=l.querySelectorAll(\"iframe.wp-embedded-content\"),r=0;r<s.length;r++)(t=(e=s[r]).getAttribute(\"data-secret\"))||(t=Math.random().toString(36).substring(2,12),e.src+=\"#?secret=\"+t,e.setAttribute(\"data-secret\",t)),e.contentWindow.postMessage({message:\"ready\",secret:t},\"*\")},!1)))}(window,document);\n\/\/# sourceURL=https:\/\/ciie.itesm.mx\/wp-includes\/js\/wp-embed.min.js\n\/* ]]> *\/\n<\/script>\n","thumbnail_url":"https:\/\/ciie.itesm.mx\/wp-content\/uploads\/2020\/11\/adel-el-zaim.png","thumbnail_width":200,"thumbnail_height":200,"description":"Adel El Za\u00efm asumi\u00f3 el cargo de Director de Internacionalizaci\u00f3n de la\u00a0University of Ottawa\u00a0el 13 de agosto de 2018. Tambi\u00e9n es el fundador de\u00a0Internationalization Canada. Adel ha trabajado para varias organizaciones como la m\u00e1s reciente de la\u00a0University of British Columbia (UBC)\u00a0cuando ocup\u00f3"}

Adel El Zaïm - IFE Conferece

<blockquote class="wp-embedded-content" data-secret="VtDTjDqv5G"><a href="https://ciie.itesm.mx/es/httpciie-mxspeakerdeb-masters/adel-el-zaim/">Adel El Zaïm</a></blockquote><iframe sandbox="allow-scripts" security="restricted" src="https://ciie.itesm.mx/es/httpciie-mxspeakerdeb-masters/adel-el-zaim/embed/#?secret=VtDTjDqv5G" width="600" height="338" title="«Adel El Zaïm» — IFE Conferece" data-secret="VtDTjDqv5G" frameborder="0" marginwidth="0" marginheight="0" scrolling="no" class="wp-embedded-content"></iframe><script type="text/javascript">
/* <![CDATA[ */
/*! This file is auto-generated */
!function(d,l){"use strict";l.querySelector&&d.addEventListener&&"undefined"!=typeof URL&&(d.wp=d.wp||{},d.wp.receiveEmbedMessage||(d.wp.receiveEmbedMessage=function(e){var t=e.data;if((t||t.secret||t.message||t.value)&&!/[^a-zA-Z0-9]/.test(t.secret)){for(var s,r,n,a=l.querySelectorAll('iframe[data-secret="'+t.secret+'"]'),o=l.querySelectorAll('blockquote[data-secret="'+t.secret+'"]'),c=new RegExp("^https?:$","i"),i=0;i<o.length;i++)o[i].style.display="none";for(i=0;i<a.length;i++)s=a[i],e.source===s.contentWindow&&(s.removeAttribute("style"),"height"===t.message?(1e3<(r=parseInt(t.value,10))?r=1e3:~~r<200&&(r=200),s.height=r):"link"===t.message&&(r=new URL(s.getAttribute("src")),n=new URL(t.value),c.test(n.protocol))&&n.host===r.host&&l.activeElement===s&&(d.top.location.href=t.value))}},d.addEventListener("message",d.wp.receiveEmbedMessage,!1),l.addEventListener("DOMContentLoaded",function(){for(var e,t,s=l.querySelectorAll("iframe.wp-embedded-content"),r=0;r<s.length;r++)(t=(e=s[r]).getAttribute("data-secret"))||(t=Math.random().toString(36).substring(2,12),e.src+="#?secret="+t,e.setAttribute("data-secret",t)),e.contentWindow.postMessage({message:"ready",secret:t},"*")},!1)))}(window,document);
//# sourceURL=https://ciie.itesm.mx/wp-includes/js/wp-embed.min.js
/* ]]> */
</script>

Adel El Zaïm asumió el cargo de Director de Internacionalización de la University of Ottawa el 13 de agosto de 2018. También es el fundador de Internationalization Canada. Adel ha trabajado para varias organizaciones como la más reciente de la University of British Columbia (UBC) cuando ocupó
