{"version":"1.0","provider_name":"IFE Conferece","provider_url":"https:\/\/ciie.itesm.mx\/es","author_name":"Adminwpciie","author_url":"https:\/\/ciie.itesm.mx\/es\/author\/adminwpciie\/","title":"David Garza - IFE Conferece","type":"rich","width":600,"height":338,"html":"<blockquote class=\"wp-embedded-content\" data-secret=\"dsib0tmcDI\"><a href=\"https:\/\/ciie.itesm.mx\/es\/httpciie-mxspeakerdeb-masters\/david-garza-2\/\">David Garza<\/a><\/blockquote><iframe sandbox=\"allow-scripts\" security=\"restricted\" src=\"https:\/\/ciie.itesm.mx\/es\/httpciie-mxspeakerdeb-masters\/david-garza-2\/embed\/#?secret=dsib0tmcDI\" width=\"600\" height=\"338\" title=\"\u00abDavid Garza\u00bb \u2014 IFE Conferece\" data-secret=\"dsib0tmcDI\" frameborder=\"0\" marginwidth=\"0\" marginheight=\"0\" scrolling=\"no\" class=\"wp-embedded-content\"><\/iframe><script type=\"text\/javascript\">\n\/* <![CDATA[ *\/\n\/*! This file is auto-generated *\/\n!function(d,l){\"use strict\";l.querySelector&&d.addEventListener&&\"undefined\"!=typeof URL&&(d.wp=d.wp||{},d.wp.receiveEmbedMessage||(d.wp.receiveEmbedMessage=function(e){var t=e.data;if((t||t.secret||t.message||t.value)&&!\/[^a-zA-Z0-9]\/.test(t.secret)){for(var s,r,n,a=l.querySelectorAll('iframe[data-secret=\"'+t.secret+'\"]'),o=l.querySelectorAll('blockquote[data-secret=\"'+t.secret+'\"]'),c=new RegExp(\"^https?:$\",\"i\"),i=0;i<o.length;i++)o[i].style.display=\"none\";for(i=0;i<a.length;i++)s=a[i],e.source===s.contentWindow&&(s.removeAttribute(\"style\"),\"height\"===t.message?(1e3<(r=parseInt(t.value,10))?r=1e3:~~r<200&&(r=200),s.height=r):\"link\"===t.message&&(r=new URL(s.getAttribute(\"src\")),n=new URL(t.value),c.test(n.protocol))&&n.host===r.host&&l.activeElement===s&&(d.top.location.href=t.value))}},d.addEventListener(\"message\",d.wp.receiveEmbedMessage,!1),l.addEventListener(\"DOMContentLoaded\",function(){for(var e,t,s=l.querySelectorAll(\"iframe.wp-embedded-content\"),r=0;r<s.length;r++)(t=(e=s[r]).getAttribute(\"data-secret\"))||(t=Math.random().toString(36).substring(2,12),e.src+=\"#?secret=\"+t,e.setAttribute(\"data-secret\",t)),e.contentWindow.postMessage({message:\"ready\",secret:t},\"*\")},!1)))}(window,document);\n\/\/# sourceURL=https:\/\/ciie.itesm.mx\/wp-includes\/js\/wp-embed.min.js\n\/* ]]> *\/\n<\/script>\n","thumbnail_url":"https:\/\/ciie.itesm.mx\/wp-content\/uploads\/2018\/08\/david-garza.jpg","thumbnail_width":200,"thumbnail_height":200,"description":"Rector del Tecnol\u00f3gico de Monterrey Es Rector del Tecnol\u00f3gico de Monterrey, universidad que forma parte de las 35 mejores universidades privadas del mundo seg\u00fan el prestigioso ranking ingl\u00e9s QS. Es Ingeniero en Sistemas Computacionales por el Tecnol\u00f3gico de Monterrey y Doctor en"}

Rector del Tecnológico de Monterrey Es Rector del Tecnológico de Monterrey, universidad que forma parte de las 35 mejores universidades privadas del mundo según el prestigioso ranking inglés QS. Es Ingeniero en Sistemas Computacionales por el Tecnológico de Monterrey y Doctor en
