{"version":"1.0","provider_name":"IFE Conferece","provider_url":"https:\/\/ciie.itesm.mx\/es","author_name":"Adminwpciie","author_url":"https:\/\/ciie.itesm.mx\/es\/author\/adminwpciie\/","title":"Salvador Alva, Presidente del Tecnol\u00f3gico de Monterrey - IFE Conferece","type":"rich","width":600,"height":338,"html":"<blockquote class=\"wp-embedded-content\" data-secret=\"cte5JZvgQ6\"><a href=\"https:\/\/ciie.itesm.mx\/es\/salvador-alva-presidente-del-tecnologico-de-monterrey\/\">Salvador Alva, Presidente del Tecnol\u00f3gico de Monterrey<\/a><\/blockquote><iframe sandbox=\"allow-scripts\" security=\"restricted\" src=\"https:\/\/ciie.itesm.mx\/es\/salvador-alva-presidente-del-tecnologico-de-monterrey\/embed\/#?secret=cte5JZvgQ6\" width=\"600\" height=\"338\" title=\"\u00abSalvador Alva, Presidente del Tecnol\u00f3gico de Monterrey\u00bb \u2014 IFE Conferece\" data-secret=\"cte5JZvgQ6\" frameborder=\"0\" marginwidth=\"0\" marginheight=\"0\" scrolling=\"no\" class=\"wp-embedded-content\"><\/iframe><script type=\"text\/javascript\">\n\/* <![CDATA[ *\/\n\/*! This file is auto-generated *\/\n!function(d,l){\"use strict\";l.querySelector&&d.addEventListener&&\"undefined\"!=typeof URL&&(d.wp=d.wp||{},d.wp.receiveEmbedMessage||(d.wp.receiveEmbedMessage=function(e){var t=e.data;if((t||t.secret||t.message||t.value)&&!\/[^a-zA-Z0-9]\/.test(t.secret)){for(var s,r,n,a=l.querySelectorAll('iframe[data-secret=\"'+t.secret+'\"]'),o=l.querySelectorAll('blockquote[data-secret=\"'+t.secret+'\"]'),c=new RegExp(\"^https?:$\",\"i\"),i=0;i<o.length;i++)o[i].style.display=\"none\";for(i=0;i<a.length;i++)s=a[i],e.source===s.contentWindow&&(s.removeAttribute(\"style\"),\"height\"===t.message?(1e3<(r=parseInt(t.value,10))?r=1e3:~~r<200&&(r=200),s.height=r):\"link\"===t.message&&(r=new URL(s.getAttribute(\"src\")),n=new URL(t.value),c.test(n.protocol))&&n.host===r.host&&l.activeElement===s&&(d.top.location.href=t.value))}},d.addEventListener(\"message\",d.wp.receiveEmbedMessage,!1),l.addEventListener(\"DOMContentLoaded\",function(){for(var e,t,s=l.querySelectorAll(\"iframe.wp-embedded-content\"),r=0;r<s.length;r++)(t=(e=s[r]).getAttribute(\"data-secret\"))||(t=Math.random().toString(36).substring(2,12),e.src+=\"#?secret=\"+t,e.setAttribute(\"data-secret\",t)),e.contentWindow.postMessage({message:\"ready\",secret:t},\"*\")},!1)))}(window,document);\n\/\/# sourceURL=https:\/\/ciie.itesm.mx\/wp-includes\/js\/wp-embed.min.js\n\/* ]]> *\/\n<\/script>\n","thumbnail_url":"https:\/\/ciie.itesm.mx\/wp-content\/uploads\/2016\/10\/Conferencias_Salvador-Alva.jpg","thumbnail_width":1200,"thumbnail_height":700,"description":"Es Presidente del Tecnol\u00f3gico de Monterrey, la universidad privada mejor posicionada de M\u00e9xico en el QS Ranking. Desde su incorporaci\u00f3n en 2011 lidera la transformaci\u00f3n de esta Instituci\u00f3n. Se ha destacado por su trayectoria en diversas compa\u00f1\u00edas de clase mundial al impulsar"}

Salvador Alva, Presidente del Tecnológico de Monterrey - IFE Conferece

<blockquote class="wp-embedded-content" data-secret="cte5JZvgQ6"><a href="https://ciie.itesm.mx/es/salvador-alva-presidente-del-tecnologico-de-monterrey/">Salvador Alva, Presidente del Tecnológico de Monterrey</a></blockquote><iframe sandbox="allow-scripts" security="restricted" src="https://ciie.itesm.mx/es/salvador-alva-presidente-del-tecnologico-de-monterrey/embed/#?secret=cte5JZvgQ6" width="600" height="338" title="«Salvador Alva, Presidente del Tecnológico de Monterrey» — IFE Conferece" data-secret="cte5JZvgQ6" frameborder="0" marginwidth="0" marginheight="0" scrolling="no" class="wp-embedded-content"></iframe><script type="text/javascript">
/* <![CDATA[ */
/*! This file is auto-generated */
!function(d,l){"use strict";l.querySelector&&d.addEventListener&&"undefined"!=typeof URL&&(d.wp=d.wp||{},d.wp.receiveEmbedMessage||(d.wp.receiveEmbedMessage=function(e){var t=e.data;if((t||t.secret||t.message||t.value)&&!/[^a-zA-Z0-9]/.test(t.secret)){for(var s,r,n,a=l.querySelectorAll('iframe[data-secret="'+t.secret+'"]'),o=l.querySelectorAll('blockquote[data-secret="'+t.secret+'"]'),c=new RegExp("^https?:$","i"),i=0;i<o.length;i++)o[i].style.display="none";for(i=0;i<a.length;i++)s=a[i],e.source===s.contentWindow&&(s.removeAttribute("style"),"height"===t.message?(1e3<(r=parseInt(t.value,10))?r=1e3:~~r<200&&(r=200),s.height=r):"link"===t.message&&(r=new URL(s.getAttribute("src")),n=new URL(t.value),c.test(n.protocol))&&n.host===r.host&&l.activeElement===s&&(d.top.location.href=t.value))}},d.addEventListener("message",d.wp.receiveEmbedMessage,!1),l.addEventListener("DOMContentLoaded",function(){for(var e,t,s=l.querySelectorAll("iframe.wp-embedded-content"),r=0;r<s.length;r++)(t=(e=s[r]).getAttribute("data-secret"))||(t=Math.random().toString(36).substring(2,12),e.src+="#?secret="+t,e.setAttribute("data-secret",t)),e.contentWindow.postMessage({message:"ready",secret:t},"*")},!1)))}(window,document);
//# sourceURL=https://ciie.itesm.mx/wp-includes/js/wp-embed.min.js
/* ]]> */
</script>

Es Presidente del Tecnológico de Monterrey, la universidad privada mejor posicionada de México en el QS Ranking. Desde su incorporación en 2011 lidera la transformación de esta Institución. Se ha destacado por su trayectoria en diversas compañías de clase mundial al impulsar
