{"id":14956,"date":"2023-12-13T07:56:49","date_gmt":"2023-12-13T07:56:49","guid":{"rendered":"https:\/\/ciie.itesm.mx\/es\/?page_id=14956"},"modified":"2024-02-20T18:30:28","modified_gmt":"2024-02-20T18:30:28","slug":"ife-edtech-summit-2-3","status":"publish","type":"page","link":"https:\/\/ciie.itesm.mx\/es\/transforming-higher-education-2\/","title":{"rendered":"Transformando la Educaci\u00f3n Superior"},"content":{"rendered":"<div class=\"wpb-content-wrapper\"><p>[vc_row full_width=&#8221;stretch_row_content_no_spaces&#8221; container=&#8221;0&#8243;][vc_column][vc_empty_space height=&#8221;60px&#8221;][vc_single_image image=&#8221;14958&#8243; img_size=&#8221;full&#8221;][\/vc_column][\/vc_row][vc_row css=&#8221;.vc_custom_1693602138236{margin-top: 50px !important;}&#8221;][vc_column width=&#8221;2\/3&#8243; css=&#8221;.vc_custom_1702456155374{padding-right: 70px !important;}&#8221;][vc_column_text css=&#8221;.vc_custom_1702455408747{margin-right: 30px !important;margin-left: 30px !important;}&#8221;]<strong>Transformando la Educaci\u00f3n Superior: Credenciales Curriculares y Alternativas<\/strong> tiene la visi\u00f3n de crear un espacio para tomadores de decisiones que favorezca el an\u00e1lisis y la discusi\u00f3n de los retos que enfrenta la educaci\u00f3n superior a nivel global, lo anterior con el objetivo de promover soluciones y aprendizaje que impulsen el desarrollo de las personas, pa\u00edses y sus instituciones.<\/p>\n<p>Este encuentro busca promover una vinculaci\u00f3n efectiva entre l\u00edderes de instituciones educativas y especialistas en educaci\u00f3n superior para cocrear el futuro de la educaci\u00f3n superior integrando el concepto de Credenciales, las cuales reconocen y hacen evidentes los conocimientos, habilidades y competencias permitiendo as\u00ed enriquecer los perfiles profesionales y facilitar la inserci\u00f3n en el mercado laboral.<\/p>\n<p><strong>Transformando la Educaci\u00f3n Superior: Credenciales Curriculares y Alternativas es un evento exclusivo por invitaci\u00f3n dirigido a Rectores de instituciones de educaci\u00f3n superior<\/strong>, quienes pueden venir acompa\u00f1ados de los directivos de su instituci\u00f3n que consideren conveniente. El encuentro se llevar\u00e1 a cabo del 23 al 25 de enero de 2024, en Monterrey, M\u00e9xico de forma paralela al IFE Conference antes conocido como CIIE, Congreso Internacional de Innovaci\u00f3n Educativa.[\/vc_column_text][\/vc_column][vc_column width=&#8221;1\/3&#8243;][vc_single_image image=&#8221;14969&#8243; img_size=&#8221;143&#215;700&#8243;][\/vc_column][\/vc_row][vc_row css=&#8221;.vc_custom_1701901124795{margin-bottom: 50px !important;}&#8221;][vc_column][\/vc_column][\/vc_row][vc_row css=&#8221;.vc_custom_1693602302825{margin-bottom: -50px !important;background-color: #000000 !important;}&#8221;][vc_column][vc_row_inner css=&#8221;.vc_custom_1693602308731{margin-top: 40px !important;}&#8221;][vc_column_inner width=&#8221;1\/3&#8243;][vc_single_image image=&#8221;15108&#8243; img_size=&#8221;&#8221; alignment=&#8221;center&#8221;][\/vc_column_inner][vc_column_inner width=&#8221;1\/3&#8243;][vc_single_image image=&#8221;12482&#8243; img_size=&#8221;180&#215;54&#8243; alignment=&#8221;center&#8221;][\/vc_column_inner][vc_column_inner width=&#8221;1\/3&#8243;][vc_single_image image=&#8221;12481&#8243; img_size=&#8221;200&#215;51&#8243; alignment=&#8221;center&#8221;][\/vc_column_inner][\/vc_row_inner][\/vc_column][\/vc_row]<\/p>\n<\/div>","protected":false},"excerpt":{"rendered":"<p>[vc_row full_width=&#8221;stretch_row_content_no_spaces&#8221; container=&#8221;0&#8243;][vc_column][vc_empty_space height=&#8221;60px&#8221;][vc_single_image image=&#8221;14958&#8243; img_size=&#8221;full&#8221;][\/vc_column][\/vc_row][vc_row css=&#8221;.vc_custom_1693602138236{margin-top: 50px !important;}&#8221;][vc_column width=&#8221;2\/3&#8243; css=&#8221;.vc_custom_1702456155374{padding-right: 70px !important;}&#8221;][vc_column_text css=&#8221;.vc_custom_1702455408747{margin-right: 30px !important;margin-left: 30px !important;}&#8221;]Transformando la Educaci\u00f3n Superior: Credenciales Curriculares y Alternativas tiene la visi\u00f3n de crear un espacio para tomadores de decisiones que favorezca el an\u00e1lisis y la<\/p>\n","protected":false},"author":1,"featured_media":0,"parent":0,"menu_order":0,"comment_status":"closed","ping_status":"closed","template":"home_template.php","meta":{"footnotes":""},"class_list":["post-14956","page","type-page","status-publish","hentry"],"yoast_head":"<!-- This site is optimized with the Yoast SEO plugin v27.5 - https:\/\/yoast.com\/product\/yoast-seo-wordpress\/ -->\n<title>Transformando la Educaci\u00f3n Superior - IFE Conferece<\/title>\n<meta name=\"description\" content=\"IFE Conference, antes CIIE, del 28 al 30 de enero de 2025 en el Tecnol\u00f3gico de Monterrey, en Monterrey, M\u00e9xico\" \/>\n<meta name=\"robots\" content=\"index, follow, max-snippet:-1, max-image-preview:large, max-video-preview:-1\" \/>\n<link rel=\"canonical\" href=\"https:\/\/ciie.itesm.mx\/es\/transforming-higher-education-2\/\" \/>\n<meta property=\"og:locale\" content=\"es_ES\" \/>\n<meta property=\"og:type\" content=\"article\" \/>\n<meta property=\"og:title\" content=\"Transformando la Educaci\u00f3n Superior - IFE Conferece\" \/>\n<meta property=\"og:description\" content=\"IFE Conference, antes CIIE, del 28 al 30 de enero de 2025 en el Tecnol\u00f3gico de Monterrey, en Monterrey, M\u00e9xico\" \/>\n<meta property=\"og:url\" content=\"https:\/\/ciie.itesm.mx\/es\/transforming-higher-education-2\/\" \/>\n<meta property=\"og:site_name\" content=\"IFE Conferece\" \/>\n<meta property=\"article:modified_time\" content=\"2024-02-20T18:30:28+00:00\" \/>\n<meta property=\"og:image\" content=\"https:\/\/ciie.itesm.mx\/wp-content\/uploads\/2023\/05\/ife-conference-social.png\" \/>\n\t<meta property=\"og:image:width\" content=\"480\" \/>\n\t<meta property=\"og:image:height\" content=\"480\" \/>\n\t<meta property=\"og:image:type\" content=\"image\/png\" \/>\n<meta name=\"twitter:card\" content=\"summary_large_image\" \/>\n<meta name=\"twitter:label1\" content=\"Tiempo de lectura\" \/>\n\t<meta name=\"twitter:data1\" content=\"3 minutos\" \/>\n<script type=\"application\/ld+json\" class=\"yoast-schema-graph\">{\"@context\":\"https:\\\/\\\/schema.org\",\"@graph\":[{\"@type\":\"WebPage\",\"@id\":\"https:\\\/\\\/ciie.itesm.mx\\\/es\\\/transforming-higher-education-2\\\/\",\"url\":\"https:\\\/\\\/ciie.itesm.mx\\\/es\\\/transforming-higher-education-2\\\/\",\"name\":\"Transformando la Educaci\u00f3n Superior - IFE Conferece\",\"isPartOf\":{\"@id\":\"https:\\\/\\\/ciie.itesm.mx\\\/en\\\/#website\"},\"datePublished\":\"2023-12-13T07:56:49+00:00\",\"dateModified\":\"2024-02-20T18:30:28+00:00\",\"description\":\"IFE Conference, antes CIIE, del 28 al 30 de enero de 2025 en el Tecnol\u00f3gico de Monterrey, en Monterrey, M\u00e9xico\",\"breadcrumb\":{\"@id\":\"https:\\\/\\\/ciie.itesm.mx\\\/es\\\/transforming-higher-education-2\\\/#breadcrumb\"},\"inLanguage\":\"es\",\"potentialAction\":[{\"@type\":\"ReadAction\",\"target\":[\"https:\\\/\\\/ciie.itesm.mx\\\/es\\\/transforming-higher-education-2\\\/\"]}]},{\"@type\":\"BreadcrumbList\",\"@id\":\"https:\\\/\\\/ciie.itesm.mx\\\/es\\\/transforming-higher-education-2\\\/#breadcrumb\",\"itemListElement\":[{\"@type\":\"ListItem\",\"position\":1,\"name\":\"Portada\",\"item\":\"https:\\\/\\\/ciie.itesm.mx\\\/es\\\/\"},{\"@type\":\"ListItem\",\"position\":2,\"name\":\"Transformando la Educaci\u00f3n Superior\"}]},{\"@type\":\"WebSite\",\"@id\":\"https:\\\/\\\/ciie.itesm.mx\\\/en\\\/#website\",\"url\":\"https:\\\/\\\/ciie.itesm.mx\\\/en\\\/\",\"name\":\"IFE Conference\",\"description\":\"IFE Conference, antes CIIE, del 28 al 30 de enero de 2025 en el Tecnol\u00f3gico de Monterrey, en Monterrey, M\u00e9xico\",\"potentialAction\":[{\"@type\":\"SearchAction\",\"target\":{\"@type\":\"EntryPoint\",\"urlTemplate\":\"https:\\\/\\\/ciie.itesm.mx\\\/en\\\/?s={search_term_string}\"},\"query-input\":{\"@type\":\"PropertyValueSpecification\",\"valueRequired\":true,\"valueName\":\"search_term_string\"}}],\"inLanguage\":\"es\"}]}<\/script>\n<!-- \/ Yoast SEO plugin. -->","yoast_head_json":{"title":"Transformando la Educaci\u00f3n Superior - IFE Conferece","description":"IFE Conference, antes CIIE, del 28 al 30 de enero de 2025 en el Tecnol\u00f3gico de Monterrey, en Monterrey, M\u00e9xico","robots":{"index":"index","follow":"follow","max-snippet":"max-snippet:-1","max-image-preview":"max-image-preview:large","max-video-preview":"max-video-preview:-1"},"canonical":"https:\/\/ciie.itesm.mx\/es\/transforming-higher-education-2\/","og_locale":"es_ES","og_type":"article","og_title":"Transformando la Educaci\u00f3n Superior - IFE Conferece","og_description":"IFE Conference, antes CIIE, del 28 al 30 de enero de 2025 en el Tecnol\u00f3gico de Monterrey, en Monterrey, M\u00e9xico","og_url":"https:\/\/ciie.itesm.mx\/es\/transforming-higher-education-2\/","og_site_name":"IFE Conferece","article_modified_time":"2024-02-20T18:30:28+00:00","og_image":[{"width":480,"height":480,"url":"https:\/\/ciie.itesm.mx\/wp-content\/uploads\/2023\/05\/ife-conference-social.png","type":"image\/png"}],"twitter_card":"summary_large_image","twitter_misc":{"Tiempo de lectura":"3 minutos"},"schema":{"@context":"https:\/\/schema.org","@graph":[{"@type":"WebPage","@id":"https:\/\/ciie.itesm.mx\/es\/transforming-higher-education-2\/","url":"https:\/\/ciie.itesm.mx\/es\/transforming-higher-education-2\/","name":"Transformando la Educaci\u00f3n Superior - IFE Conferece","isPartOf":{"@id":"https:\/\/ciie.itesm.mx\/en\/#website"},"datePublished":"2023-12-13T07:56:49+00:00","dateModified":"2024-02-20T18:30:28+00:00","description":"IFE Conference, antes CIIE, del 28 al 30 de enero de 2025 en el Tecnol\u00f3gico de Monterrey, en Monterrey, M\u00e9xico","breadcrumb":{"@id":"https:\/\/ciie.itesm.mx\/es\/transforming-higher-education-2\/#breadcrumb"},"inLanguage":"es","potentialAction":[{"@type":"ReadAction","target":["https:\/\/ciie.itesm.mx\/es\/transforming-higher-education-2\/"]}]},{"@type":"BreadcrumbList","@id":"https:\/\/ciie.itesm.mx\/es\/transforming-higher-education-2\/#breadcrumb","itemListElement":[{"@type":"ListItem","position":1,"name":"Portada","item":"https:\/\/ciie.itesm.mx\/es\/"},{"@type":"ListItem","position":2,"name":"Transformando la Educaci\u00f3n Superior"}]},{"@type":"WebSite","@id":"https:\/\/ciie.itesm.mx\/en\/#website","url":"https:\/\/ciie.itesm.mx\/en\/","name":"IFE Conference","description":"IFE Conference, antes CIIE, del 28 al 30 de enero de 2025 en el Tecnol\u00f3gico de Monterrey, en Monterrey, M\u00e9xico","potentialAction":[{"@type":"SearchAction","target":{"@type":"EntryPoint","urlTemplate":"https:\/\/ciie.itesm.mx\/en\/?s={search_term_string}"},"query-input":{"@type":"PropertyValueSpecification","valueRequired":true,"valueName":"search_term_string"}}],"inLanguage":"es"}]}},"_links":{"self":[{"href":"https:\/\/ciie.itesm.mx\/es\/wp-json\/wp\/v2\/pages\/14956","targetHints":{"allow":["GET"]}}],"collection":[{"href":"https:\/\/ciie.itesm.mx\/es\/wp-json\/wp\/v2\/pages"}],"about":[{"href":"https:\/\/ciie.itesm.mx\/es\/wp-json\/wp\/v2\/types\/page"}],"author":[{"embeddable":true,"href":"https:\/\/ciie.itesm.mx\/es\/wp-json\/wp\/v2\/users\/1"}],"replies":[{"embeddable":true,"href":"https:\/\/ciie.itesm.mx\/es\/wp-json\/wp\/v2\/comments?post=14956"}],"version-history":[{"count":22,"href":"https:\/\/ciie.itesm.mx\/es\/wp-json\/wp\/v2\/pages\/14956\/revisions"}],"predecessor-version":[{"id":15601,"href":"https:\/\/ciie.itesm.mx\/es\/wp-json\/wp\/v2\/pages\/14956\/revisions\/15601"}],"wp:attachment":[{"href":"https:\/\/ciie.itesm.mx\/es\/wp-json\/wp\/v2\/media?parent=14956"}],"curies":[{"name":"wp","href":"https:\/\/api.w.org\/{rel}","templated":true}]}}

Transformando la Educación Superior

<div class="wpb-content-wrapper"><p>[vc_row full_width=&#8221;stretch_row_content_no_spaces&#8221; container=&#8221;0&#8243;][vc_column][vc_empty_space height=&#8221;60px&#8221;][vc_single_image image=&#8221;14958&#8243; img_size=&#8221;full&#8221;][/vc_column][/vc_row][vc_row css=&#8221;.vc_custom_1693602138236{margin-top: 50px !important;}&#8221;][vc_column width=&#8221;2/3&#8243; css=&#8221;.vc_custom_1702456155374{padding-right: 70px !important;}&#8221;][vc_column_text css=&#8221;.vc_custom_1702455408747{margin-right: 30px !important;margin-left: 30px !important;}&#8221;]<strong>Transformando la Educación Superior: Credenciales Curriculares y Alternativas</strong> tiene la visión de crear un espacio para tomadores de decisiones que favorezca el análisis y la discusión de los retos que enfrenta la educación superior a nivel global, lo anterior con el objetivo de promover soluciones y aprendizaje que impulsen el desarrollo de las personas, países y sus instituciones.</p>
<p>Este encuentro busca promover una vinculación efectiva entre líderes de instituciones educativas y especialistas en educación superior para cocrear el futuro de la educación superior integrando el concepto de Credenciales, las cuales reconocen y hacen evidentes los conocimientos, habilidades y competencias permitiendo así enriquecer los perfiles profesionales y facilitar la inserción en el mercado laboral.</p>
<p><strong>Transformando la Educación Superior: Credenciales Curriculares y Alternativas es un evento exclusivo por invitación dirigido a Rectores de instituciones de educación superior</strong>, quienes pueden venir acompañados de los directivos de su institución que consideren conveniente. El encuentro se llevará a cabo del 23 al 25 de enero de 2024, en Monterrey, México de forma paralela al IFE Conference antes conocido como CIIE, Congreso Internacional de Innovación Educativa.[/vc_column_text][/vc_column][vc_column width=&#8221;1/3&#8243;][vc_single_image image=&#8221;14969&#8243; img_size=&#8221;143&#215;700&#8243;][/vc_column][/vc_row][vc_row css=&#8221;.vc_custom_1701901124795{margin-bottom: 50px !important;}&#8221;][vc_column][/vc_column][/vc_row][vc_row css=&#8221;.vc_custom_1693602302825{margin-bottom: -50px !important;background-color: #000000 !important;}&#8221;][vc_column][vc_row_inner css=&#8221;.vc_custom_1693602308731{margin-top: 40px !important;}&#8221;][vc_column_inner width=&#8221;1/3&#8243;][vc_single_image image=&#8221;15108&#8243; img_size=&#8221;&#8221; alignment=&#8221;center&#8221;][/vc_column_inner][vc_column_inner width=&#8221;1/3&#8243;][vc_single_image image=&#8221;12482&#8243; img_size=&#8221;180&#215;54&#8243; alignment=&#8221;center&#8221;][/vc_column_inner][vc_column_inner width=&#8221;1/3&#8243;][vc_single_image image=&#8221;12481&#8243; img_size=&#8221;200&#215;51&#8243; alignment=&#8221;center&#8221;][/vc_column_inner][/vc_row_inner][/vc_column][/vc_row]</p>
</div>

<p>[vc_row full_width=&#8221;stretch_row_content_no_spaces&#8221; container=&#8221;0&#8243;][vc_column][vc_empty_space height=&#8221;60px&#8221;][vc_single_image image=&#8221;14958&#8243; img_size=&#8221;full&#8221;][/vc_column][/vc_row][vc_row css=&#8221;.vc_custom_1693602138236{margin-top: 50px !important;}&#8221;][vc_column width=&#8221;2/3&#8243; css=&#8221;.vc_custom_1702456155374{padding-right: 70px !important;}&#8221;][vc_column_text css=&#8221;.vc_custom_1702455408747{margin-right: 30px !important;margin-left: 30px !important;}&#8221;]Transformando la Educación Superior: Credenciales Curriculares y Alternativas tiene la visión de crear un espacio para tomadores de decisiones que favorezca el análisis y la</p>

<!-- This site is optimized with the Yoast SEO plugin v27.5 - https://yoast.com/product/yoast-seo-wordpress/ -->
<title>Transformando la Educación Superior - IFE Conferece</title>
<meta name="description" content="IFE Conference, antes CIIE, del 28 al 30 de enero de 2025 en el Tecnológico de Monterrey, en Monterrey, México" />
<meta name="robots" content="index, follow, max-snippet:-1, max-image-preview:large, max-video-preview:-1" />
<link rel="canonical" href="https://ciie.itesm.mx/es/transforming-higher-education-2/" />
<meta property="og:locale" content="es_ES" />
<meta property="og:type" content="article" />
<meta property="og:title" content="Transformando la Educación Superior - IFE Conferece" />
<meta property="og:description" content="IFE Conference, antes CIIE, del 28 al 30 de enero de 2025 en el Tecnológico de Monterrey, en Monterrey, México" />
<meta property="og:url" content="https://ciie.itesm.mx/es/transforming-higher-education-2/" />
<meta property="og:site_name" content="IFE Conferece" />
<meta property="article:modified_time" content="2024-02-20T18:30:28+00:00" />
<meta property="og:image" content="https://ciie.itesm.mx/wp-content/uploads/2023/05/ife-conference-social.png" />
	<meta property="og:image:width" content="480" />
	<meta property="og:image:height" content="480" />
	<meta property="og:image:type" content="image/png" />
<meta name="twitter:card" content="summary_large_image" />
<meta name="twitter:label1" content="Tiempo de lectura" />
	<meta name="twitter:data1" content="3 minutos" />
<script type="application/ld+json" class="yoast-schema-graph">{"@context":"https:\/\/schema.org","@graph":[{"@type":"WebPage","@id":"https:\/\/ciie.itesm.mx\/es\/transforming-higher-education-2\/","url":"https:\/\/ciie.itesm.mx\/es\/transforming-higher-education-2\/","name":"Transformando la Educación Superior - IFE Conferece","isPartOf":{"@id":"https:\/\/ciie.itesm.mx\/en\/#website"},"datePublished":"2023-12-13T07:56:49+00:00","dateModified":"2024-02-20T18:30:28+00:00","description":"IFE Conference, antes CIIE, del 28 al 30 de enero de 2025 en el Tecnológico de Monterrey, en Monterrey, México","breadcrumb":{"@id":"https:\/\/ciie.itesm.mx\/es\/transforming-higher-education-2\/#breadcrumb"},"inLanguage":"es","potentialAction":[{"@type":"ReadAction","target":["https:\/\/ciie.itesm.mx\/es\/transforming-higher-education-2\/"]}]},{"@type":"BreadcrumbList","@id":"https:\/\/ciie.itesm.mx\/es\/transforming-higher-education-2\/#breadcrumb","itemListElement":[{"@type":"ListItem","position":1,"name":"Portada","item":"https:\/\/ciie.itesm.mx\/es\/"},{"@type":"ListItem","position":2,"name":"Transformando la Educación Superior"}]},{"@type":"WebSite","@id":"https:\/\/ciie.itesm.mx\/en\/#website","url":"https:\/\/ciie.itesm.mx\/en\/","name":"IFE Conference","description":"IFE Conference, antes CIIE, del 28 al 30 de enero de 2025 en el Tecnológico de Monterrey, en Monterrey, México","potentialAction":[{"@type":"SearchAction","target":{"@type":"EntryPoint","urlTemplate":"https:\/\/ciie.itesm.mx\/en\/?s={search_term_string}"},"query-input":{"@type":"PropertyValueSpecification","valueRequired":true,"valueName":"search_term_string"}}],"inLanguage":"es"}]}</script>
<!-- / Yoast SEO plugin. -->

Transformando la Educación Superior - IFE Conferece

IFE Conference, antes CIIE, del 28 al 30 de enero de 2025 en el Tecnológico de Monterrey, en Monterrey, México
